7
Calculate the highest common divisor of 1750 and 560250.
250
Calculate the highest common divisor of 1588 and 324.
4
What is the highest common divisor of 448 and 58912?
224
What is the greatest common factor of 92 and 4832668?
92
Calculate the highest common divisor of 7690 and 10.
10
Calculate the greatest common divisor of 58 and 124178.
58
Calculate the greatest common divisor of 16 and 1423088.
16
What is the greatest common factor of 21849 and 15?
3
What is the greatest common factor of 24 and 26022?
6
Calculate the greatest common divisor of 200216 and 464.
232
Calculate the highest common factor of 98 and 579621.
49
What is the highest common factor of 7265 and 40?
5
Calculate the highest common factor of 35255 and 55.
55
What is the greatest common divisor of 62282 and 1727?
11
Calculate the highest common divisor of 6589 and 153943.
599
Calculate the greatest common divisor of 1310 and 4570.
10
Calculate the greatest common divisor of 78848 and 15708.
308
What is the highest common divisor of 231 and 2772?
231
Calculate the highest common divisor of 371394 and 2538.
846
What is the highest common divisor of 431100 and 300?
300
What is the greatest common divisor of 372 and 73596?
12
Calculate the highest common divisor of 243 and 15705.
9
Calculate the highest common factor of 630 and 101010.
210
What is the highest common factor of 1277370 and 3990?
570
Calculate the greatest common factor of 1488 and 4656.
48
What is the greatest common divisor of 372 and 171244?
124
Calculate the highest common factor of 146 and 5426966.
146
Calculate the highest common factor of 138 and 922622.
46
Calculate the greatest common factor of 1911616 and 2142.
238
Calculate the highest common divisor of 852 and 1024743.
213
What is the highest common factor of 1432707 and 3111?
183
Calculate the highest common divisor of 828388 and 843.
281
What is the highest common divisor of 650 and 42926?
26
Calculate the highest common factor of 22 and 226523.
11
What is the greatest common factor of 1122 and 23518?
22
What is the greatest common factor of 1101056 and 2530?
506
What is the greatest common divisor of 162 and 14478?
6
Calculate the greatest common factor of 524906 and 46.
46
What is the greatest common divisor of 1308 and 77916?
12
Calculate the highest common factor of 23240 and 21248.
664
Calculate the highest common factor of 3519 and 242397.
207
What is the greatest common divisor of 29370 and 1320?
330
Calculate the highest common factor of 1002 and 1865223.
501
What is the highest common factor of 1625 and 18187?
13
Calculate the greatest common factor of 3519 and 184943.
391
Calculate the highest common divisor of 3337 and 87543.
71
Calculate the greatest common divisor of 1374 and 3036.
6
What is the highest common divisor of 11926 and 534?
178
Calculate the highest common factor of 803 and 5840.
73
What is the highest common divisor of 1392 and 27492?
348
What is the highest common factor of 85696 and 4?
4
What is the greatest common divisor of 390 and 261846?
78
Calculate the greatest common divisor of 72 and 26172.
36
What is the greatest common factor of 20 and 97840?
20
What is the greatest common factor of 616 and 314776?
616
Calculate the highest common factor of 376250 and 70.
70
Calculate the highest common factor of 2268 and 567.
567
Calculate the highest common divisor of 118 and 112631.
59
What is the highest common divisor of 19203 and 14097?
111
Calculate the greatest common divisor of 357 and 74375.
119
Calculate the greatest common divisor of 3841 and 207.
23
What is the highest common factor of 28809 and 54?
27
Calculate the highest common divisor of 4189239 and 162.
81
What is the highest common factor of 107055 and 1215?
135
Calculate the highest common divisor of 1167527 and 188.
47
What is the greatest common divisor of 1555860 and 60?
60
What is the highest common divisor of 175236 and 12?
12
What is the highest common divisor of 71 and 2530014?
71
Calculate the greatest common factor of 26 and 73528.
26
Calculate the greatest common divisor of 24 and 101704.
8
What is the greatest common divisor of 20 and 1143968?
4
Calculate the greatest common factor of 2628 and 8388.
36
Calculate the highest common factor of 21890 and 292928.
398
What is the greatest common factor of 3240 and 504?
72
What is the highest common factor of 2082 and 2076?
6
Calculate the greatest common factor of 975 and 300950.
325
What is the greatest common divisor of 100 and 904100?
100
What is the highest common divisor of 76581 and 127?
127
Calculate the highest common divisor of 1070 and 298.
2
Calculate the greatest common factor of 2465 and 142477.
493
Calculate the greatest common divisor of 108 and 10308.
12
What is the greatest common divisor of 1371390 and 12?
6
Calculate the highest common factor of 1436 and 49183.
359
What is the greatest common divisor of 176782 and 2?
2
What is the greatest common factor of 146697 and 321?
321
Calculate the highest common factor of 220 and 3520.
220
Calculate the highest common factor of 794 and 726907.
397
Calculate the greatest common divisor of 168033 and 237.
237
What is the greatest common factor of 4278 and 104190?
138
What is the highest common divisor of 85116 and 346?
346
Calculate the greatest common factor of 19611 and 9.
9
What is the highest common divisor of 215 and 7915?
5
What is the greatest common divisor of 108 and 106812?
108
Calculate the highest common divisor of 443575 and 25.
25
What is the highest common factor of 9212 and 183260?
196
What is the highest common divisor of 130174 and 122?
122
What is the highest common factor of 126 and 1114272?
18
Calculate the highest common factor of 220 and 5324.
44
What is the highest common divisor of 272742 and 5895?
393
What is the greatest common divisor of 96 and 6118224?
48
Calculate the highest common divisor of 913 and 2541.
11
What is the greatest common divisor of 20770 and 67?
67
What is the greatest common divisor of 2987 and 119335?
29
Calculate the highest common divisor of 83448 and 2745.
549
Calculate the highest common divisor of 3 and 2973.
3
What is the highest common divisor of 36 and 153513?
9
What is the greatest common factor of 170216 and 32?
8
Calculate the greatest common factor of 6715 and 118105.
395
What is the greatest common factor of 768 and 11216?
16
Calculate the greatest common divisor of 357 and 7752.
51
Calculate the greatest common divisor of 2191394 and 46.
46
Calculate the greatest common divisor of 283030 and 1364.
682
What is the greatest common factor of 4205 and 4060?
145
Calculate the greatest common divisor of 605568 and 384.
384
What is the greatest common factor of 2193 and 8007?
51
What is the greatest common factor of 51919 and 7?
7
Calculate the highest common divisor of 1512 and 45792.
216
What is the greatest common factor of 34 and 318529?
17
Calculate the highest common divisor of 123375 and 1375.
125
What is the greatest common factor of 116454 and 117?
39
Calculate the highest common factor of 161872 and 1541.
67
What is the greatest common factor of 280 and 38570?
70
Calculate the greatest common divisor of 71949 and 435.
87
Calculate the highest common divisor of 297582 and 6.
6
What is the greatest common factor of 18067456 and 8?
8
What is the greatest common factor of 262 and 75718?
262
Calculate the highest common divisor of 80885 and 35.
35
Calculate the greatest common factor of 5418 and 22302.
126
Calculate the highest common factor of 134050 and 26950.
350
Calculate the highest common factor of 448 and 434000.
112
What is the highest common divisor of 11 and 77792?
11
What is the highest common divisor of 31 and 233771?
31
What is the highest common divisor of 10650 and 3075?
75
Calculate the greatest common factor of 1778187 and 914.
457
What is the greatest common divisor of 18022120 and 10?
10
What is the greatest common factor of 42926 and 21844?
254
What is the highest common divisor of 1248 and 88896?
96
Calculate the greatest common factor of 29058 and 63336.
174
What is the greatest common factor of 18 and 2831886?
18
Calculate the greatest common factor of 7170783 and 654.
327
What is the greatest common factor of 1924 and 291148?
52
What is the highest common